e -4*w + 2*w + 64 = -r, g*r = -5*w + 142. Let z(l) = 27 - 2*l - 9*l**2 + l**3 - w + 16*l**2. Give z(-7).
11
Let g be ((-3)/6*-8)/(1 - 3). Let p(v) = 22*v**2 - 12*v. Let f(u) = -11*u**2 + 5*u. Let d(m) = g*p(m) - 5*f(m). Let o be 2/6 + 4/6. Calculate d(o).
10
Let r(a) = -a**3 + 8*a**2 - 2*a - 4. Suppose 0 = -3*b - 5*h + 26, 0 = -5*h + 13 + 7. Let f be b + (-30)/12 + 51/6. What is r(f)?
-20
Let v(a) = a**2 + 20*a - 21. Suppose -2*u + u = 2, 0 = 5*l - 5*u + 2485. Let o = -520 - l. Calculate v(o).
0
Suppose 5*o - 2*m - 60 = 0, -o - 5*m - 11 = -10*m. Suppose 11*s - 18 = o*s. Let c(n) = -n**2 - 4*n + 11. Determine c(s).
-1
Suppose 0 = 4*h + 4*x + 8, -8 - 6 = h + 4*x. Let p(o) = 1 + 0 + h - 5*o + 4*o - 1. Suppose -5*m + 2*q + 3*q - 40 = 0, 5*q = 2*m + 22. What is p(m)?
8
Let a be -7 + (-28)/(-7) + 2 + (0 - -1). Let d(r) be the third derivative of a*r - 5/24*r**4 + 14*r**2 + 0 + 0*r**3. Give d(-1).
5
Suppose -5*d - 12 = -11*d. Let f(z) = 22*z**d - 24*z**2 - 1 + 6 - 6. What is f(2)?
-9
Let x(d) = -199*d + 212*d - 25 - 4. Give x(9).
88
Let k(y) = -10*y + 7. Let m(u) = 33*u - 25. Let g(x) = -7*k(x) - 2*m(x). Let h(n) = 2*n - 7. Let z be h(6). Calculate g(z).
21
Let c(w) = w**3 + 4*w**2 - 13*w - 17. Let a = -748 - -742. Determine c(a).
-11
Let c(b) be the second derivative of -4*b**3/3 + 277*b**2/2 + 2884*b. What is c(35)?
-3
Let z(j) = 2*j**2 + 6*j - 56. Let d(n) = 2*n**2 + 4*n - 56. Let i(x) = -6*d(x) + 7*z(x). Let c be i(-11). Let m(r) = r + 3. Give m(c).
-9
Let i(t) = -642*t - 6 + 1264*t - 619*t. Give i(-8).
-30
Let n(m) = -m**3 - 13*m**2 - 16*m - 26. Let v(p) = -71*p - 7183. Let z be v(-101). What is n(z)?
22
Let k(b) = -61 + 4 - 7*b + b + 22 - 91. Calculate k(-23).
12
Let c(a) = -2*a**3 - 16*a**2 + a. Let d = -10176 - -10168. Determine c(d).
-8
Let h be 5*1*(-4)/10. Let d(x) = 2*x**2 + 215*x + 211*x + 213*x + 213*x - 1060*x + 1 + 207*x. Calculate d(h).
11
Suppose -5*o = 15, m + m + 3*o + 11 = 0. Let b be (m + -6 + 0)*-1. Suppose 9 = -3*x - b*z + 4*z, -3 = x - 4*z. Let s(d) = -d - 2. What is s(x)?
1
Let d(f) = -7*f**2 + f. Let m = -3700 - -3701. What is d(m)?
-6
Let i be 0 + (2 - 1) - (1856/58 + -31). Let f(x) = -2*x + 5*x - x - 5. Give f(i).
-5
Suppose -n + 2*m + 0 - 4 = 0, 0 = 2*n + m - 12. Suppose -n = g - 6. Let z(t) = t**g + 6*t - 3 + 5 - 6. Determine z(-5).
-9
Suppose -q = -6*q - 15. Let h be -3 + (-3 - 0/q). Let x(d) = 367*d**3 + 2 + 381*d**3 - 749*d**3 - 5*d**2 + 5 + 8*d. Give x(h).
-5
Suppose -34*s + 61*s - 54 = 0. Let c(m) = -2*m + 0*m - 9 + 2*m - 105*m**2 + 106*m**s + 7*m. Determine c(-9).
9
Let i be (28/(-12))/((-5)/255). Suppose -10*u + 79 = i. Let t(j) = j**2 + 6*j + 1. Determine t(u).
-7
Suppose -5*g = -3*w + 21, 4*w + g - 28 = -2*g. Let s(i) = -i**3 + 11*i**2 - 29*i - 2. What is s(w)?
-9
Let a(x) be the second derivative of 2*x**3 + x**2/2 - 816*x. Let v = -12 - -13. Determine a(v).
13
Let w be (15/(-10))/(6/8). Let z(c) = 909*c + 6. Let o(s) = -173*s - 1. Let i(d) = 21*o(d) + 4*z(d). Give i(w).
-3
Let x(p) be the third derivative of -p**6/120 - 7*p**5/60 - 5*p**4/24 - p**3 - 63*p**2 - 3*p. Suppose -33 = 4*f + y - 4*y, -2*f - 3*y = 3. What is x(f)?
-12
Let t(s) = -s**3 + s**2 - 9*s - 1. Let f(l) = l**3 + 10*l + 2. Let u(o) = 4*f(o) + 5*t(o). Let a = -680 + 683. Calculate u(a).
6
Let q = 241 + -236. Suppose -7 + 27 = q*u. Let l(w) = w + 3. What is l(u)?
7
Let r(q) be the third derivative of 0 + 7/6*q**3 + 0*q - 31*q**2 - 1/10*q**5 + 1/120*q**6 + 1/6*q**4. What is r(5)?
2
Let m(p) be the second derivative of p**4/12 - 5*p**3/3 - p**2/2 + 2123*p. What is m(11)?
10
Let k(v) = -7*v**2 + 6*v - 7. Let l = 29 + -80. Let t = l + 68. Let w(b) = -20*b**2 + 17*b - 20. Let q(n) = t*k(n) - 6*w(n). Calculate q(-1).
2
Let x = -2265 - -2267. Let k(v) = -v + 5. What is k(x)?
3
Let n(i) = 20*i + 2. Let j(a) = -a**3 - 21*a**2 + 15*a - 152. Let q be j(-22). Give n(q).
42
Suppose 2*d = 0, o + 4*d - 2 + 0 = 0. Let h(k) = k**2 + 10*k - 16. Calculate h(o).
8
Let k be 4/6 + 0 - 106/(-318). Let x(f) = 12*f**3 - f. What is x(k)?
11
Suppose -u - 8 = -4*u + 2*o, -5*u = 4*o - 28. Let x(f) = 2*f**2 - 11*f + 9. What is x(u)?
-3
Let o = 13 + -11. Let r(i) = i - 114. Let u(y) = -10*y + 1235. Let c(s) = -65*r(s) - 6*u(s). Give c(o).
-10
Let n(m) = 10*m**2 - 14*m + 31. Let o(s) = -7*s**2 + 9*s - 21. Let r(v) = 5*n(v) + 7*o(v). Suppose -7614 = -45*t - 978*t - 246*t. What is r(t)?
2
Suppose 162 - 108 = -6*h. Let o be 3 + h + 1 - -1. Let c(i) = i**3 + 6*i**2 + 5*i - 4. Calculate c(o).
8
Let o(b) be the first derivative of b**3/3 + 13*b**2 + 45*b + 257. Give o(-24).
-3
Let i(t) = t**3 - 2*t**2 + 4*t - 1. Let y(h) = 2*h - 2*h + 1 - h**2. Let s(d) = 2*d**2 + 45*d - 26. Let u be s(-23). Let v(j) = u*y(j) - i(j). Give v(4).
-2
Let u(w) = -13*w**3 + 9*w**2 - 12*w - 15. Let p(v) = 5*v**3 - 3*v**2 + 4*v + 5. Let d(z) = -8*p(z) - 3*u(z). Let c be (-2)/4 - (-21)/(-6). What is d(c)?
5
Let v(u) = -u**2 + 6*u + 5. Let x(a) = a**3 + 3*a**2 - 7*a. Let b be x(-5). Let i(w) = w**2 + 17*w + 15. Let y be i(b). Let s be 42/y*10/(-4). Determine v(s).
-2
Let x(m) = -4*m**3 - 5*m**2 + 7*m - 3. Let o be x(1). Let q(d) = d**2 + 7*d - 4. Calculate q(o).
-14
Suppose -k + 3*h + 12 = 2*k, 0 = 2*k - h - 7. Let v(c) = -3*c**3 + 2*c**3 - 4*c - 3*c**3 + 3*c**3 + 0*c**3 + k - 5*c**2. Let m = 1 + -5. Determine v(m).
3
Let l = -2 + 4. Suppose 2*f + 16 = 4*n - l, -5*n + f = -24. Let g(d) = -9*d**2 + 4*d**2 + 7 + 3*d + 4*d**2. Give g(n).
-3
Suppose -1 + 5 = y. Let d(g) = g + 1 + y - 1 - 7. Suppose -5*c + 8 = -17. Calculate d(c).
2
Suppose 0 = 14*b - 17*b + 6. Let r be (-2 - (-12)/8)*b. Let f(u) = -4*u + 2*u - u. What is f(r)?
3
Let w(k) = k**3 + 6*k**2 + k - 5. Let f be 1*(-132)/30 + 8/20. Let b be (f + 0 - 0)*-1 + -9. Determine w(b).
15
Let j(p) = -5*p**2 - p + 1. Let d(v) = -9*v**2 + 3. Let f(m) = 3*d(m) - 5*j(m). Let t be 1*3/(-3)*-8. Let c be (-12)/4 + t + -1. Determine f(c).
-8
Let b(u) be the second derivative of 1/2*u**2 + 1/6*u**3 + 9*u + 5. Give b(-5).
-4
Let n be (-3)/(-2) + 1377/306. Let j(s) = 9*s**3 + 9*s**2 + 6*s + 3. Let r(o) = 2*o**3 + o**2 + 1. Let q(k) = -j(k) + 5*r(k). What is q(n)?
38
Let r(w) = 23*w**2 + 2*w + 7. Let a be r(3). Suppose a - 224 = -2*x. Suppose 2*l = -b - 14, -3*l + 2*l = -x*b + 2. Let q(g) = -g + 6. Calculate q(l).
12
Let y be (-14)/(-1) + 154/(-11). Let k(x) = -x**3 - x**2 - 9. What is k(y)?
-9
Let r(v) = -20*v**3 + 2*v**2 + 5*v + 5. Let u(n) = 10*n**3 - n**2 - 2*n - 2. Let i(l) = 3*r(l) + 7*u(l). Let h be 1*(-9)/3 + 1. Let z be 10/4*h/5. Give i(z).
-11
Let n be 2 - (44/154 - 32/14). Let c(r) = -15*r + 13 + 14*r - 23 + n. Calculate c(10).
-16
Let l(d) = 70*d - 1532. Let r(b) = 9*b - 198. Let g(q) = -4*l(q) + 31*r(q). Let o be -5*(-1 - 0)*-1. What is g(o)?
-5
Let a(g) = g - 9. Let o = 112 - 109. Let w be ((-24)/2)/(2/(-4)). Suppose o*x - 3*r - w = 0, -5*r + 4 = -x + 16. Give a(x).
-2
Let l be ((-3)/(-1))/(-7*144/(-224)). Let j(v) be the first derivative of -l*v**3 - v + v**2 + 13/4*v**4 + 15. Calculate j(1).
12
Let h = 321 + -243. Let p(f) = -f**2 + 3*f + h - 138 + 3*f + 68. Give p(7).
1
Let p(l) = 17*l**3 - 25*l**2 + 11*l + 1. Let b(u) = -20*u**3 + 28*u**2 - 10*u - 2. Let v(x) = 6*b(x) + 7*p(x). Determine v(-9).
4
Let q(u) = -u**3 - 11*u**2 - 9*u. Suppose a - 5*o = 5, -77*a = -73*a - 3*o + 31. Determine q(a).
-10
Suppose 5*r = -f - 7, -2*f - 2*r - 19 = -7*f. Let b(n) = -14*n + 9*n + 1 + n**2 + 5 + f*n. Suppose 4*k - 18 = -2. Calculate b(k).
14
Let i(a) = -269*a - 114. Let x(m) = -107*m - 56. Let n(z) = -2*i(z) + 5*x(z). Determine n(21).
11
Let g(w) = w**3 + 5*w**2 + 6*w + 8. Let k = 2270 + -2273. Calculate g(k).
8
Let s(n) = -n**3 - 6*n**2 + 7*n - 1. Suppose 2*g - 2*j + 6*j = -32, -g = 5*j + 31. Give s(g).
-43
Suppose 44*n - 481 = 663. Let u(l) = -l**3 + 27*l**2 - 25*l - 3. What is u(n)?
23
Let s(n) = n**3 - 5*n**2 - 8*n + 36. Suppose -36*q + 752 - 644 = 0. Calculate s(q).
-6
Let q(k) = k**3 - k**2 + 8. Let r(f) be the second derivative of f**5/20 - 7*f**4/12 + f**3/3 - 40*f**2 + 2*f - 51. Let v be r(8). Calculate q(v).
8
Let f(j) = -4*j - 1. Let x(d) = -2*d + 6. Let c(w) = 4*w - 13. Let t(g) = 3*c(g) + 5*x(g). Let l be t(5). What is f(l)?
-5
Let y(t) = t - 1. Let h(m) be the third derivative of -m**4/24 - m**3/6 + 2*m**2 - 35. Let x(g) = -3*h(g) + y(g). Let u = -1 + -